[INFO] cloning repository https://github.com/Pctg-x8/rawinput_rs
[INFO] running `Command { std: "git" "-c" "credential.helper=" "-c" "credential.helper=/workspace/cargo-home/bin/git-credential-null" "clone" "--bare" "https://github.com/Pctg-x8/rawinput_rs" "/workspace/cache/git-repos/https%3A%2F%2Fgithub.com%2FPctg-x8%2Frawinput_rs", kill_on_drop: false }`
[INFO] [stderr] Cloning into bare repository '/workspace/cache/git-repos/https%3A%2F%2Fgithub.com%2FPctg-x8%2Frawinput_rs'...
[INFO] running `Command { std: "git" "rev-parse" "HEAD", kill_on_drop: false }`
[INFO] [stdout] d4f0d1dddd678464e5da80400210624ada9c68f8
[INFO] building Pctg-x8/rawinput_rs against master#ff34b919075f35a1787659e9c448a34b06bab8de for issue-85264
[INFO] running `Command { std: "git" "clone" "/workspace/cache/git-repos/https%3A%2F%2Fgithub.com%2FPctg-x8%2Frawinput_rs" "/workspace/builds/worker-10/source", kill_on_drop: false }`
[INFO] [stderr] Cloning into '/workspace/builds/worker-10/source'...
[INFO] [stderr] done.
[INFO] validating manifest of git repo https://github.com/Pctg-x8/rawinput_rs on toolchain ff34b919075f35a1787659e9c448a34b06bab8de
[INFO] running `Command { std: "/workspace/cargo-home/bin/cargo" "+ff34b919075f35a1787659e9c448a34b06bab8de" "metadata" "--manifest-path" "Cargo.toml" "--no-deps", kill_on_drop: false }`
[INFO] started tweaking git repo https://github.com/Pctg-x8/rawinput_rs
[INFO] finished tweaking git repo https://github.com/Pctg-x8/rawinput_rs
[INFO] tweaked toml for git repo https://github.com/Pctg-x8/rawinput_rs written to /workspace/builds/worker-10/source/Cargo.toml
[INFO] crate git repo https://github.com/Pctg-x8/rawinput_rs already has a lockfile, it will not be regenerated
[INFO] running `Command { std: "/workspace/cargo-home/bin/cargo" "+ff34b919075f35a1787659e9c448a34b06bab8de" "fetch" "--manifest-path" "Cargo.toml", kill_on_drop: false }`
[INFO] running `Command { std: "docker" "create" "-v" "/var/lib/crater-agent-workspace/builds/worker-10/target:/opt/rustwide/target:rw,Z" "-v" "/var/lib/crater-agent-workspace/builds/worker-10/source:/opt/rustwide/workdir:ro,Z" "-v" "/var/lib/crater-agent-workspace/cargo-home:/opt/rustwide/cargo-home:ro,Z" "-v" "/var/lib/crater-agent-workspace/rustup-home:/opt/rustwide/rustup-home:ro,Z" "-e" "SOURCE_DIR=/opt/rustwide/workdir" "-e" "CARGO_TARGET_DIR=/opt/rustwide/target" "-e" "CARGO_HOME=/opt/rustwide/cargo-home" "-e" "RUSTUP_HOME=/opt/rustwide/rustup-home" "-w" "/opt/rustwide/workdir" "-m" "1610612736" "--user" "0:0" "--network" "none" "ghcr.io/rust-lang/crates-build-env/linux@sha256:20528e8c29e4536546f0102ce88568b16ea7538393a33fcca951030f7af10457" "/opt/rustwide/cargo-home/bin/cargo" "+ff34b919075f35a1787659e9c448a34b06bab8de" "metadata" "--no-deps" "--format-version=1", kill_on_drop: false }`
[INFO] [stdout] a7f72239d4f2e9a18d8d3a72f25380d7e7eda36de01da3937e5dd75daca3eab2
[INFO] [stderr] WARNING: Your kernel does not support swap limit capabilities or the cgroup is not mounted. Memory limited without swap.
[INFO] running `Command { std: "docker" "start" "-a" "a7f72239d4f2e9a18d8d3a72f25380d7e7eda36de01da3937e5dd75daca3eab2", kill_on_drop: false }`
[INFO] running `Command { std: "docker" "inspect" "a7f72239d4f2e9a18d8d3a72f25380d7e7eda36de01da3937e5dd75daca3eab2", kill_on_drop: false }`
[INFO] running `Command { std: "docker" "rm" "-f" "a7f72239d4f2e9a18d8d3a72f25380d7e7eda36de01da3937e5dd75daca3eab2", kill_on_drop: false }`
[INFO] [stdout] a7f72239d4f2e9a18d8d3a72f25380d7e7eda36de01da3937e5dd75daca3eab2
[INFO] running `Command { std: "docker" "create" "-v" "/var/lib/crater-agent-workspace/builds/worker-10/target:/opt/rustwide/target:rw,Z" "-v" "/var/lib/crater-agent-workspace/builds/worker-10/source:/opt/rustwide/workdir:ro,Z" "-v" "/var/lib/crater-agent-workspace/cargo-home:/opt/rustwide/cargo-home:ro,Z" "-v" "/var/lib/crater-agent-workspace/rustup-home:/opt/rustwide/rustup-home:ro,Z" "-e" "SOURCE_DIR=/opt/rustwide/workdir" "-e" "CARGO_TARGET_DIR=/opt/rustwide/target" "-e" "CARGO_INCREMENTAL=0" "-e" "RUST_BACKTRACE=full" "-e" "RUSTFLAGS=--cap-lints=forbid" "-e" "CARGO_HOME=/opt/rustwide/cargo-home" "-e" "RUSTUP_HOME=/opt/rustwide/rustup-home" "-w" "/opt/rustwide/workdir" "-m" "1610612736" "--user" "0:0" "--network" "none" "ghcr.io/rust-lang/crates-build-env/linux@sha256:20528e8c29e4536546f0102ce88568b16ea7538393a33fcca951030f7af10457" "/opt/rustwide/cargo-home/bin/cargo" "+ff34b919075f35a1787659e9c448a34b06bab8de" "build" "--frozen" "--message-format=json", kill_on_drop: false }`
[INFO] [stdout] 1f609d56bf667129328dd7e7f36fe3a8f417f13d0fccf621859ec91830718b69
[INFO] [stderr] WARNING: Your kernel does not support swap limit capabilities or the cgroup is not mounted. Memory limited without swap.
[INFO] running `Command { std: "docker" "start" "-a" "1f609d56bf667129328dd7e7f36fe3a8f417f13d0fccf621859ec91830718b69", kill_on_drop: false }`
[INFO] [stderr]    Compiling winapi-build v0.1.1
[INFO] [stderr]    Compiling winapi v0.2.8
[INFO] [stderr]    Compiling user32-sys v0.2.0
[INFO] [stderr]    Compiling rawinput_rs v0.1.0 (/opt/rustwide/workdir)
[INFO] [stdout] error[E0425]: cannot find function, tuple struct or tuple variant `GetRawInputDeviceList` in this scope
[INFO] [stdout]   --> src/main.rs:11:14
[INFO] [stdout]    |
[INFO] [stdout] 11 |     unsafe { GetRawInputDeviceList(std::ptr::null_mut(), &mut dcount, std::mem::size_of::<RAWINPUTDEVICELIST>() as u32) };
[INFO] [stdout]    |              ^^^^^^^^^^^^^^^^^^^^^ not found in this scope
[INFO] [stdout] 
[INFO] [stdout] 
[INFO] [stdout] error[E0412]: cannot find type `RAWINPUTDEVICELIST` in this scope
[INFO] [stdout]   --> src/main.rs:11:91
[INFO] [stdout]    |
[INFO] [stdout] 11 |     unsafe { GetRawInputDeviceList(std::ptr::null_mut(), &mut dcount, std::mem::size_of::<RAWINPUTDEVICELIST>() as u32) };
[INFO] [stdout]    |                                                                                           ^^^^^^^^^^^^^^^^^^ not found in this scope
[INFO] [stdout] 
[INFO] [stdout] 
[INFO] [stdout] error[E0425]: cannot find function, tuple struct or tuple variant `GetRawInputDeviceList` in this scope
[INFO] [stdout]   --> src/main.rs:13:14
[INFO] [stdout]    |
[INFO] [stdout] 13 |     unsafe { GetRawInputDeviceList(devices.as_mut_ptr(), &mut dcount, std::mem::size_of::<RAWINPUTDEVICELIST>() as u32) };
[INFO] [stdout]    |              ^^^^^^^^^^^^^^^^^^^^^ not found in this scope
[INFO] [stdout] 
[INFO] [stdout] 
[INFO] [stdout] error[E0412]: cannot find type `RAWINPUTDEVICELIST` in this scope
[INFO] [stdout]   --> src/main.rs:13:91
[INFO] [stdout]    |
[INFO] [stdout] 13 |     unsafe { GetRawInputDeviceList(devices.as_mut_ptr(), &mut dcount, std::mem::size_of::<RAWINPUTDEVICELIST>() as u32) };
[INFO] [stdout]    |                                                                                           ^^^^^^^^^^^^^^^^^^ not found in this scope
[INFO] [stdout] 
[INFO] [stdout] 
[INFO] [stdout] error[E0422]: cannot find struct, variant or union type `RAWINPUTDEVICELIST` in this scope
[INFO] [stdout]   --> src/main.rs:16:10
[INFO] [stdout]    |
[INFO] [stdout] 16 |     for &RAWINPUTDEVICELIST { hDevice, dwType } in devices.iter()
[INFO] [stdout]    |          ^^^^^^^^^^^^^^^^^^ not found in this scope
[INFO] [stdout] 
[INFO] [stdout] 
[INFO] [stdout] error[E0425]: cannot find function, tuple struct or tuple variant `GetRawInputDeviceInfoW` in this scope
[INFO] [stdout]   --> src/main.rs:21:22
[INFO] [stdout]    |
[INFO] [stdout] 21 |             unsafe { GetRawInputDeviceInfoW(hDevice, RIDI_DEVICENAME, std::ptr::null_mut(), &mut namelen) };
[INFO] [stdout]    |                      ^^^^^^^^^^^^^^^^^^^^^^ not found in this scope
[INFO] [stdout] 
[INFO] [stdout] 
[INFO] [stdout] error[E0425]: cannot find value `RIDI_DEVICENAME` in this scope
[INFO] [stdout]   --> src/main.rs:21:54
[INFO] [stdout]    |
[INFO] [stdout] 21 |             unsafe { GetRawInputDeviceInfoW(hDevice, RIDI_DEVICENAME, std::ptr::null_mut(), &mut namelen) };
[INFO] [stdout]    |                                                      ^^^^^^^^^^^^^^^ not found in this scope
[INFO] [stdout] 
[INFO] [stdout] 
[INFO] [stdout] error[E0425]: cannot find function, tuple struct or tuple variant `GetRawInputDeviceInfoW` in this scope
[INFO] [stdout]   --> src/main.rs:23:22
[INFO] [stdout]    |
[INFO] [stdout] 23 |             unsafe { GetRawInputDeviceInfoW(hDevice, RIDI_DEVICENAME, std::mem::transmute(namebuf.as_mut_ptr()), &mut namelen) };
[INFO] [stdout]    |                      ^^^^^^^^^^^^^^^^^^^^^^ not found in this scope
[INFO] [stdout] 
[INFO] [stdout] 
[INFO] [stdout] error[E0425]: cannot find value `RIDI_DEVICENAME` in this scope
[INFO] [stdout]   --> src/main.rs:23:54
[INFO] [stdout]    |
[INFO] [stdout] 23 |             unsafe { GetRawInputDeviceInfoW(hDevice, RIDI_DEVICENAME, std::mem::transmute(namebuf.as_mut_ptr()), &mut namelen) };
[INFO] [stdout]    |                                                      ^^^^^^^^^^^^^^^ not found in this scope
[INFO] [stdout] 
[INFO] [stdout] 
[INFO] [stdout] error[E0412]: cannot find type `RID_DEVICE_INFO` in this scope
[INFO] [stdout]   --> src/main.rs:26:26
[INFO] [stdout]    |
[INFO] [stdout] 26 |         let mut devinfo: RID_DEVICE_INFO = unsafe { std::mem::uninitialized() };
[INFO] [stdout]    |                          ^^^^^^^^^^^^^^^ not found in this scope
[INFO] [stdout] 
[INFO] [stdout] 
[INFO] [stdout] error[E0412]: cannot find type `RID_DEVICE_INFO` in this scope
[INFO] [stdout]   --> src/main.rs:27:50
[INFO] [stdout]    |
[INFO] [stdout] 27 |         let mut devinfolen = std::mem::size_of::<RID_DEVICE_INFO>() as u32;
[INFO] [stdout]    |                                                  ^^^^^^^^^^^^^^^ not found in this scope
[INFO] [stdout] 
[INFO] [stdout] 
[INFO] [stdout] error[E0425]: cannot find function, tuple struct or tuple variant `GetRawInputDeviceInfoW` in this scope
[INFO] [stdout]   --> src/main.rs:28:18
[INFO] [stdout]    |
[INFO] [stdout] 28 |         unsafe { GetRawInputDeviceInfoW(hDevice, RIDI_DEVICEINFO, std::mem::transmute(&mut devinfo), &mut devinfolen) };
[INFO] [stdout]    |                  ^^^^^^^^^^^^^^^^^^^^^^ not found in this scope
[INFO] [stdout] 
[INFO] [stdout] 
[INFO] [stdout] error[E0425]: cannot find value `RIDI_DEVICEINFO` in this scope
[INFO] [stdout]   --> src/main.rs:28:50
[INFO] [stdout]    |
[INFO] [stdout] 28 |         unsafe { GetRawInputDeviceInfoW(hDevice, RIDI_DEVICEINFO, std::mem::transmute(&mut devinfo), &mut devinfolen) };
[INFO] [stdout]    |                                                  ^^^^^^^^^^^^^^^ not found in this scope
[INFO] [stdout] 
[INFO] [stdout] 
[INFO] [stdout] error[E0412]: cannot find type `RID_DEVICE_INFO_HID` in this scope
[INFO] [stdout]   --> src/main.rs:31:125
[INFO] [stdout]    |
[INFO] [stdout] 31 | ...fe { *std::mem::transmute::<*const _, *const RID_DEVICE_INFO_HID>(&devinfo.keyboard) }),
[INFO] [stdout]    |                                                 ^^^^^^^^^^^^^^^^^^^ not found in this scope
[INFO] [stdout] 
[INFO] [stdout] 
[INFO] [stdout] error[E0412]: cannot find type `RID_DEVICE_INFO_MOUSE` in this scope
[INFO] [stdout]   --> src/main.rs:33:127
[INFO] [stdout]    |
[INFO] [stdout] 33 | ...e { *std::mem::transmute::<*const _, *const RID_DEVICE_INFO_MOUSE>(&devinfo.keyboard) }),
[INFO] [stdout]    |                                                ^^^^^^^^^^^^^^^^^^^^^ not found in this scope
[INFO] [stdout] 
[INFO] [stdout] 
[INFO] [stdout] warning: unused import: `winapi::*`
[INFO] [stdout]  --> src/main.rs:5:5
[INFO] [stdout]   |
[INFO] [stdout] 5 | use winapi::*;
[INFO] [stdout]   |     ^^^^^^^^^
[INFO] [stdout]   |
[INFO] [stdout]   = note: `#[warn(unused_imports)]` on by default
[INFO] [stdout] 
[INFO] [stdout] 
[INFO] [stdout] warning: unused import: `user32::*`
[INFO] [stdout]  --> src/main.rs:6:5
[INFO] [stdout]   |
[INFO] [stdout] 6 | use user32::*;
[INFO] [stdout]   |     ^^^^^^^^^
[INFO] [stdout] 
[INFO] [stdout] 
[INFO] [stdout] warning: use of deprecated function `std::mem::uninitialized`: use `mem::MaybeUninit` instead
[INFO] [stdout]   --> src/main.rs:12:37
[INFO] [stdout]    |
[INFO] [stdout] 12 |     let mut devices = vec![unsafe { std::mem::uninitialized() }; dcount as usize];
[INFO] [stdout]    |                                     ^^^^^^^^^^^^^^^^^^^^^^^
[INFO] [stdout]    |
[INFO] [stdout]    = note: `#[warn(deprecated)]` on by default
[INFO] [stdout] 
[INFO] [stdout] 
[INFO] [stdout] warning: use of deprecated function `std::mem::uninitialized`: use `mem::MaybeUninit` instead
[INFO] [stdout]   --> src/main.rs:26:53
[INFO] [stdout]    |
[INFO] [stdout] 26 |         let mut devinfo: RID_DEVICE_INFO = unsafe { std::mem::uninitialized() };
[INFO] [stdout]    |                                                     ^^^^^^^^^^^^^^^^^^^^^^^
[INFO] [stdout] 
[INFO] [stdout] 
[INFO] [stdout] error: aborting due to 15 previous errors; 4 warnings emitted
[INFO] [stdout] 
[INFO] [stdout] 
[INFO] [stdout] Some errors have detailed explanations: E0412, E0422, E0425.
[INFO] [stdout] 
[INFO] [stdout] For more information about an error, try `rustc --explain E0412`.
[INFO] [stdout] 
[INFO] [stderr] error: could not compile `rawinput_rs`
[INFO] [stderr] 
[INFO] [stderr] To learn more, run the command again with --verbose.
[INFO] running `Command { std: "docker" "inspect" "1f609d56bf667129328dd7e7f36fe3a8f417f13d0fccf621859ec91830718b69", kill_on_drop: false }`
[INFO] running `Command { std: "docker" "rm" "-f" "1f609d56bf667129328dd7e7f36fe3a8f417f13d0fccf621859ec91830718b69", kill_on_drop: false }`
[INFO] [stdout] 1f609d56bf667129328dd7e7f36fe3a8f417f13d0fccf621859ec91830718b69
